or of 405 and a.
45
Let q be (2*(-10)/(-10))/((-4)/(-1696)). What is the greatest common factor of 2014 and q?
106
Let t = 4879 - 4758. Let v(f) be the first derivative of f**3/3 - 3*f**2/2 - 7*f - 1. Let k be v(6). What is the highest common divisor of k and t?
11
Suppose 0 = -2*j - 3*j, -5*j = -s - s. Suppose 28*f - 30*f + 756 = s. Calculate the highest common factor of f and 14.
14
Let j(h) = -216*h - 2684. Let m be j(-14). Let v = 72 - -8. What is the greatest common factor of m and v?
20
Suppose -88*s - 4653 = -4646 - 46823. What is the greatest common factor of 868 and s?
28
Suppose 0 = -1519*o + 1515*o + 33812. Calculate the highest common divisor of o and 553.
79
Suppose 277 = g - 196. Let f = 135 + g. What is the greatest common divisor of f and 19?
19
Let p = 46 + -14. Suppose -3*w - 51 = -36. Let x(u) = -22*u - 30. Let d be x(w). What is the greatest common divisor of p and d?
16
Let t(y) = -45*y**3 - 2*y**2 - 85*y - 463. Let l be t(-5). What is the highest common factor of 490 and l?
49
Let o = 116 - 68. Let a = 1657 - 1369. What is the highest common factor of o and a?
48
Suppose -d = -23 - 162. Let x be d/(-111) + 629/3. What is the greatest common divisor of x and 13?
13
Let d(k) be the second derivative of -49*k**3/6 - 93*k**2/2 - 85*k. Let o be d(-8). Calculate the greatest common factor of o and 23.
23
Let g(n) = 4*n**3 - 11*n**2 - 151*n + 546. Let l be g(3). Suppose -c = -3*k - 2*k + 63, 5*k = 4*c + 72. What is the highest common factor of l and k?
6
Suppose 2*b = m + 281, -2*b - 2*m + 123 + 155 = 0. What is the highest common divisor of 8 and b?
4
Let v be 6/9*15/(-5). Let s = 8 - v. Let p(f) = 2*f**2 + 3*f + 26. Let x be p(-6). What is the highest common factor of x and s?
10
Suppose 1200 = 140*x - 115*x. Calculate the highest common factor of x and 592.
16
Let j = 13569 + -10929. What is the highest common factor of 160 and j?
80
Suppose 3*q - q = 52. Let r(h) = 6*h**2 - 120*h - 251. Let j be r(-2). What is the highest common factor of q and j?
13
Suppose 71*s - 17640 = 47*s. What is the highest common factor of s and 15?
15
Let k be (-1 + -1)*275/(-50). Let m(t) = -t**2 + 11*t + 8. Let z be m(k). Suppose -z*b = -b - 546. Calculate the greatest common factor of 52 and b.
26
Let s(x) be the second derivative of -x**5/20 - 7*x**4/12 - 13*x**3/6 - 6*x**2 - 14*x. Let j be s(-5). What is the highest common factor of 4 and j?
1
Let f = 28 - 58. Let a = f + 45. Let v = -11645 + 11660. What is the greatest common divisor of v and a?
15
Let i(t) = -t**3 + 26*t**2 + 167*t - 21. Let x be i(25). Calculate the greatest common factor of x and 354.
177
Suppose -69 = -16*x + 256 - 181. Calculate the greatest common divisor of x and 85.
1
Let p be ((-10 + 990)/7)/((-5 + 3)*-1). Calculate the greatest common factor of 2570 and p.
10
Let c = 567 + -230. Let m = 79 + c. Calculate the highest common factor of m and 39.
13
Suppose -3909*i = -3914*i + 2505. Calculate the greatest common divisor of 167 and i.
167
Suppose -38 = -8*v - 30. Let t(k) = 67*k - 23. Let w be t(v). Calculate the highest common divisor of 198 and w.
22
Suppose 49*w + 12 = 46*w. Let p be ((-54)/w - 0)/((-5)/(-10)). Suppose -1080 = -8*m + 3*m. What is the highest common factor of m and p?
27
Suppose -17361 - 9856 + 3017 = -5*w. Calculate the greatest common divisor of w and 330.
110
Let o be (35/14)/(205/60 + -3). Suppose 0 = -o*m + 48 + 66. Let l be ((-1)/2)/((-3)/456). What is the greatest common divisor of m and l?
19
Let y = -913 + 976. Suppose 0 = 36*n - 37*n + x + 59, -n - 3*x = -y. Calculate the highest common factor of n and 180.
60
Let f = -207 + 198. Let j(g) = -8*g - 51. Let z be j(f). Calculate the highest common divisor of 15 and z.
3
Suppose -121*g + 113*g = -504. Calculate the greatest common factor of g and 225.
9
Let t = -155 - -199. Suppose 26 = -h + t. What is the highest common factor of 153 and h?
9
Let s be (-3)/((-27)/(-24))*9/(-4). Suppose 3*x - s*x - 114 = 0. Let n be (0 + x/(-12))*6. Calculate the highest common factor of n and 57.
19
Suppose -21*u + 24*u = 171. Let p = u - -7. Let n be (-2)/3 + 2030/21. What is the highest common divisor of n and p?
32
Let q = -4448 - -5533. Calculate the greatest common divisor of 124 and q.
31
Suppose 0 = 3*x + 4*v + 366, -2 = -4*v + 10. Let s = x - -334. Suppose -5*q + q = -s. What is the greatest common factor of q and 364?
52
Suppose -3*g = 39 - 27. Let q be (g - -4)/(-2)*1. Let v be (-1 - q)*-39 + -2 + 1. What is the highest common factor of 342 and v?
38
Suppose 5*f + 25*a - 27*a - 614 = 0, 0 = -2*f - a + 251. What is the highest common factor of 16 and f?
4
Let o = 1 + 0. Let x(q) = -14 - 11*q**2 + 44*q**2 - 18 + 31 + 3*q - 11*q**2. Let f be x(o). What is the highest common factor of f and 12?
12
Suppose -16*h = -7*h - 2421. Suppose 2*u - 2*z = 210, 3*u - h = 4*z + 46. Suppose 5*w - 1145 + u = 0. What is the greatest common factor of 13 and w?
13
Suppose 31*u - 359638 = 25067 + 110892. What is the greatest common divisor of u and 219?
219
Suppose -3*z - 633 + 639 = 3*i, -4*i = -3*z - 71. Calculate the greatest common divisor of 7 and i.
1
Let p = -221538 - -221544. Suppose 5 = -s + 12. Suppose -4*c + g - 4 + 17 = 0, 0 = -c - g + s. What is the greatest common factor of p and c?
2
Let o be 26/7 + (-2)/(-7). Suppose -94 = o*y - 354. Suppose -34*x = 57*x + 25*x - 3016. What is the highest common factor of x and y?
13
Let o = 14054 + -12847. Calculate the highest common factor of o and 3408.
71
Suppose 3*k + 3*l = 81, 27 = -40*k + 41*k - 6*l. What is the highest common factor of k and 576?
9
Suppose 3*t - 336 = -2*n, 0 = 7*n - 3*n + 5*t - 672. What is the greatest common divisor of 448 and n?
56
Let k = 324 - -41. Let v = k + -341. Calculate the greatest common divisor of 24 and v.
24
Let z = 7 - -55. Let r be ((-372)/(-9))/((2/(-56))/((-27)/72)). What is the greatest common factor of r and z?
62
Suppose 0 = -65*t + 2921 - 126. Calculate the greatest common divisor of t and 23521.
43
Let y = 1067 + -534. Calculate the highest common factor of 195 and y.
13
Let d be (-3)/(-2) - (-5634)/36. Let m = d - 146. Calculate the highest common factor of m and 48.
12
Let h = 53 + -49. Suppose 5*z = -5*i + 125, -z = 2*z - h*i - 61. Suppose 21*c = z*c - 406. What is the greatest common divisor of 29 and c?
29
Suppose -6*p = 41*p + 1410. Let v be (-10401)/(-45) - (-4)/p. What is the greatest common divisor of v and 385?
77
Let v be ((4 - 1) + -48)/((-1)/(-2)). Let f be (v/24)/((-9)/108). Calculate the highest common factor of 72 and f.
9
Let w be (-4)/(-6)*(1 + -52). Let q = w + 38. Suppose -m - 3*m - 65 = -a, q*m = 16. Calculate the greatest common divisor of a and 18.
9
Let l(q) = q**3 - 30*q**2 + 65*q - 18. Let p be l(28). What is the highest common divisor of 18 and p?
18
Let p = -8109 - -8223. Let q be (3/9)/(2/36). Calculate the greatest common factor of q and p.
6
Let v(k) = k**3 - 61*k**2 + 7*k - 411. Let u be v(61). Calculate the highest common factor of 89136 and u.
16
Let k be (-18)/(-9) + (0 - -2). Let g be (-4)/(-5)*k/((-40)/(-25)). What is the highest common divisor of 5 and g?
1
Suppose 0 = -68*j + 192341 + 94891. Calculate the highest common factor of 16 and j.
16
Let h be (-48)/(-24)*(-22)/(-4). Suppose 26*l - 150 = h*l. Calculate the greatest common divisor of 80 and l.
10
Let c be (72/12 - 9)/((-2)/140). What is the highest common divisor of 546 and c?
42
Let j be 28 + (-1)/(-1) + (-6)/(-2). Suppose 5*k + j = 37. Suppose 0 = 3*c - 14 - k. What is the highest common factor of 5 and c?
5
Let r(w) = 93*w**2 - 7*w + 578. Let g be r(-11). Calculate the highest common divisor of g and 104.
52
Let r = -2132 - -2145. Calculate the highest common divisor of 2977 and r.
13
Let h = -30 - -55. Let c = 191117 + -191047. What is the highest common factor of h and c?
5
Suppose -13*z + 84 + 189 = 0. Let l = z - -83. What is the highest common factor of 13 and l?
13
Let y(n) = 2*n**2 - 4*n - 2. Let p be y(-1). Let j be (p + 0)*36/8. Calculate the greatest common divisor of j and 2.
2
Suppose -5*l - 1 = -4*y + y, 4*l - 23 = -y. Suppose 772 = 4*t - 12. What is the highest common factor of t and y?
7
Suppose -3*b + 8112 = 4*i, 4*i - 6*i = -6. Calculate the highest common divisor of 200 and b.
100
Let b be 8/(-60) - (-2